Let o = -10 - -32. Let s = o + -19. Let v be 32 - (4 + -1)/s. What is the highest common factor of v and 341?
31
Let r(j) = 23*j + 47. Let c be r(2). Calculate the greatest common divisor of c and 2325.
93
Suppose 2*j = 4*d + 4*j + 16, -2*j - 2 = -3*d. Let r be (-1)/d + 135/10. Let o = 435 + -309. Calculate the highest common divisor of o and r.
14
Let j(t) = -11*t**2 + 144*t + 5. Let i be j(13). Calculate the highest common factor of 630 and i.
18
Let u(g) = 3*g + 1. Let k be u(1). Suppose 0 = w - k*w. Suppose f + w - 21 = 0. What is the highest common factor of f and 84?
21
Let u(f) = f + 5. Let w be u(-4). Let n = 708 + -700. What is the highest common factor of n and w?
1
Let d(w) = -w**2 - 15*w - 29. Let p be d(-13). Let u(b) = b**2 + 3. Let m be u(p). Calculate the greatest common divisor of m and 84.
12
Let c = 1503 - 1453. Suppose -4*p = -149 + 29. What is the greatest common divisor of c and p?
10
Suppose 3*p + 2*y + 6 = 0, 0 = -3*y - y. Let o(j) = -27*j. Let v be o(p). Suppose k + v = 4*k. What is the highest common divisor of 2 and k?
2
Let d(p) = p**2 - 2*p - 108. Let k be d(18). Calculate the greatest common divisor of 20 and k.
20
Let u be 5/2*(-32)/(-10). Let k be 0 - (-31 - (-2 + 3)). Calculate the highest common factor of k and u.
8
Let r be (0 + 0 - -1) + 20. Suppose -47*l = -45*l - 5*y - 324, 3*l - 3*y = 459. What is the greatest common divisor of r and l?
21
Suppose -4*f + 3*h = -5, -f + 5 = 3*h - 0. Suppose -f*o = -7*o + 515. Let b = o - 55. What is the greatest common factor of b and 120?
24
Suppose -d = -6*d + 3*j - 155, 0 = -3*d - 2*j - 74. Let f be 110/40 - (-2)/8. Let h be d/(-3)*(f + 0). What is the highest common factor of h and 42?
14
Let k be 3*(-2)/(-10)*5. Suppose -4*p = 2*l - 22, -p - k*p - l = -23. What is the highest common factor of 42 and p?
6
Let w(t) = 5*t**2 - 3*t + 6. Let q be w(7). Suppose 11*f - 16*f = -q. Let a = -34 + f. Calculate the highest common divisor of a and 84.
12
Let o = 36 - 31. Suppose -2*y - 18 = -m, o*m + 4*y = -y + 75. Calculate the highest common divisor of m and 8.
8
Let h(m) = -53*m - 47. Let z be h(-1). Calculate the highest common divisor of z and 78.
6
Let q = 27 - 16. Suppose -k = q - 39. Suppose -l + 248 = k. What is the highest common factor of 20 and l?
20
Suppose -s + 3 = -2*s, -5*s - 12 = m. Suppose 0 = -9*z + m*z + 240. What is the highest common divisor of z and 16?
8
Let u = -133 - -217. Let r(o) = 4*o - 76 + u + 5*o + 2*o. Let z be r(7). What is the greatest common divisor of z and 17?
17
Let m be 172/(2/4 + (-15)/(-10)). Let u = 154 - m. What is the highest common factor of u and 34?
34
Let g be ((-14)/7)/1*-2. Calculate the highest common divisor of g and 17.
1
Suppose 0 = 5*a - 0*o - 3*o - 696, -268 = -2*a - 4*o. Let h = 0 + 21. Let m be a/h + (-12)/21. Calculate the greatest common factor of 6 and m.
6
Suppose 48 = -0*g + 3*g. Suppose 0 = -2*s - l + 201 + 54, 0 = -s - 3*l + 125. What is the greatest common factor of g and s?
16
Let g = -445 + 673. Calculate the highest common factor of g and 152.
76
Let t be 28/(3/(18/4)). Suppose 10 = -s - 5*c + 16, -3*s + 3*c = -18. Calculate the highest common factor of t and s.
6
Suppose -3*o + 0*r - 3*r + 330 = 0, -3*o + 5*r + 290 = 0. Calculate the highest common divisor of o and 45.
15
Suppose -5*x + 5*m + 3624 = -1061, -3743 = -4*x - m. Calculate the greatest common factor of x and 144.
72
Let x(b) = 54*b**2 - 9*b + 11. Let i be x(-6). Calculate the greatest common divisor of i and 49.
49
Suppose -12*k + 9*k = -3. What is the greatest common factor of k and 112?
1
Suppose 2 = l - g + 7, 2*l - 3*g = -15. Suppose x = -5*k + 180, l*x + 180 = 5*k - 2*x. What is the greatest common factor of k and 9?
9
Let t be ((-64)/(-48))/((-2)/(-15)). Let a(x) = 37*x**2 + t + 8*x - x - 38*x**2. Let c be a(6). Calculate the greatest common factor of c and 32.
16
Let p = 174 - 80. Let u = p - 38. Calculate the highest common divisor of u and 14.
14
Let g(j) = j**3 + 27*j**2 - 60*j - 4. Let v be g(-29). Calculate the greatest common factor of v and 126.
18
Let n be 1*-2*(3 - 4). Suppose -4*g + 2 = n*s - 4, 0 = g - 2*s - 4. Suppose 6*w - 20 = g*w. Calculate the highest common factor of w and 15.
5
Let l = -343 + 369. Calculate the highest common factor of l and 143.
13
Let b = -47 + 73. Suppose -2*x + 5*s - 19 = 0, -6*x - 23 = -4*x - s. Let d be 18/x*(1 + 58/(-6)). Calculate the highest common factor of d and b.
13
Suppose 2*g - 1 - 15 = 0. Suppose -3*c + 70 = -g. What is the greatest common divisor of 65 and c?
13
Suppose 3*u + t = 50, 4*u = -2*t + 60 + 10. Let a = 32 - u. Suppose -a = 4*j - 157. Calculate the highest common factor of 7 and j.
7
Let d(y) = y**2 + 2*y + 5. Suppose 2*n + 1 = 3. Let i = n - 6. Let k be d(i). Calculate the greatest common divisor of k and 80.
20
Let j be ((-3 - 8) + 10)*28*-1. What is the highest common factor of j and 1988?
28
Let h be (-4)/(-5)*(-90)/(-4). Let q(m) = -3*m + 8. Let u be q(0). Suppose -778 - 230 = -u*c. What is the greatest common factor of c and h?
18
Let w be (-5)/20 - 10/(-8). Let i(y) = 13*y**3 + 2*y**2 - 2*y + 1. Let g be i(w). Suppose -10 = -2*d + 4. Calculate the highest common factor of g and d.
7
Let b be ((-40)/30)/((-2)/12). Let g(s) = -s**3 - s**2 - s + 40. Let v be g(0). Let m be (1 - 2 - -1) + v. Calculate the highest common divisor of b and m.
8
Let m be (-78)/(-30) + 3/(-5). Suppose -1 = -3*v + 2*v + c, -2*c = m*v + 2. Suppose 3*h - 6 - 12 = v. Calculate the greatest common divisor of 3 and h.
3
Suppose h + 11*h = 1740. Calculate the greatest common factor of h and 87.
29
Suppose -14*w = -10*w. Let b be -1 - (w + 66/(-6)). Calculate the greatest common factor of b and 30.
10
Suppose 10*o - 252 - 1008 = 0. Suppose -8*h - 14 = -4*h + f, 0 = 5*f - 10. Let q be (6/4)/(h/(-48)). Calculate the greatest common divisor of q and o.
18
Suppose 8*o - 280 = o. Suppose -s - s + 38 = 4*b, -4*s + 16 = 2*b. Calculate the greatest common divisor of b and o.
10
Suppose -3*s + 320 = 50. Suppose 2*h - 78 + 32 = 2*u, 4*h - 5*u - 97 = 0. What is the greatest common factor of h and s?
18
Let a(v) = -16*v**2 - 4*v. Let q be a(-3). Let f = -138 - -58. Let w = f - q. Calculate the greatest common divisor of w and 13.
13
Suppose 2*l = 2*y - 486, 3*y - 4*l + 5*l = 745. Calculate the highest common factor of 19 and y.
19
Suppose -6*d + 11*d - 2185 = 0. Calculate the highest common factor of 23 and d.
23
Suppose 126 = 59*i - 52*i. Calculate the greatest common divisor of i and 78.
6
Suppose -5*j - 305 = -865. Calculate the greatest common factor of 14 and j.
14
Let t = 22 - -88. Suppose 25 = 3*u - t. What is the highest common factor of 18 and u?
9
Let p be 67 - ((-2)/6)/(13/117). Calculate the greatest common factor of p and 1120.
70
Let r be 1/2 + 129/6. Let d(h) = -h**2 - 8*h + 24. Let n be d(-10). Suppose 42 = -n*t + 130. What is the highest common divisor of r and t?
22
Suppose 0 = 4*n + 5*r - 49, 0*n + r = -5*n + 35. Let y be 0 + 1/2*n. Calculate the greatest common divisor of y and 21.
3
Suppose 0 = 5*q - 9*q - x + 13927, q = -3*x + 3490. Calculate the highest common divisor of q and 59.
59
Let f = -183 - -255. Calculate the greatest common divisor of f and 99.
9
Let x be 444 - -4 - (1 - 3). Calculate the greatest common factor of 50 and x.
50
Let v(o) = 5*o**2 - 4*o - 3. Let p be (-9 + 7)/2 - (-2)/(-2). Let s be v(p). What is the greatest common divisor of 5 and s?
5
Let o be (-5*1 + 2)/((-144)/768). Calculate the highest common divisor of o and 32.
16
Let v = 89 + -53. Let p = -38 + 21. Let h = p - -29. What is the highest common factor of h and v?
12
Let t = 94 - 14. Let o(w) = w + 4. Let h(m) = 2*m - 6. Let x be h(6). Let b be o(x). Calculate the greatest common factor of b and t.
10
Let l be 40/(-280) + 1135/7. Calculate the highest common factor of l and 42.
6
Suppose -130 = -5*f + 220. Suppose 0 = 3*r + 7 - 49. What is the highest common factor of f and r?
14
Let s(x) = 2*x**2 + 5*x + 8. Let c be s(-4). Suppose -7*n + c = -1. Suppose -162 = -n*p + 102. What is the highest common factor of 22 and p?
22
Let p(i) be the second derivative of i**5/20 - 7*i**4/6 - 9*i**3/2 + i**2/2 - 26*i. Let s be p(16). What is the greatest common divisor of s and 9?
9
Suppose 3*u + 17 = 4*t - 9, 0 = -3*t + u + 22